).
-6
Let z(p) = -2*p**3 + 58*p**2 - 17*p + 1026. Determine z(29).
533
Let y(d) = -2578*d - 49158. Calculate y(-19).
-176
Let a(z) = z**3 + 29*z**2 + 83*z - 12. Determine a(-25).
413
Let k(j) = 47*j**3 + 3*j**2 + 36*j + 62. What is k(-2)?
-374
Let w(a) = -18*a**3 + 20717*a**2 + 1141*a + 11502. Determine w(1151).
-8
Let l(f) = -58*f**3 + 4*f**2 + 88*f - 264. Give l(3).
-1530
Let p(v) = -3*v**2 + 359*v - 3688. What is p(101)?
1968
Let s(l) = -l**2 - 13692*l + 246789. What is s(18)?
9
Let y(u) = 2*u**3 + 151*u**2 - 3321*u - 811. What is y(18)?
-1
Let f(l) = l**3 - 60*l**2 - 895*l - 368. What is f(-12)?
4
Let b(c) = -35150*c - 70306. Calculate b(-2).
-6
Let q(j) = -717*j - 11573. What is q(-17)?
616
Let f(t) = 17429*t + 2405207. Give f(-138).
5
Let m(n) = 3*n**2 + 8482*n - 145100. Give m(17).
-39
Let u(z) = 2*z**3 - 61*z**2 + 160*z - 219. What is u(27)?
-1002
Let y(a) = 2*a**2 + 144*a + 1912. Calculate y(-56).
120
Let h(n) = -n**3 + 121*n**2 + 12843*n + 167. Give h(-68).
779
Let p(l) = 46*l**2 + 228*l - 381. Determine p(-6).
-93
Let f(g) = 62*g**2 + 94*g - 132. Give f(-7).
2248
Let n(h) = -2*h**2 + 184*h + 9463. Calculate n(-33).
1213
Let w(j) = 7874*j + 645612. What is w(-82)?
-56
Let p(v) = 589*v**2 - 1451*v - 2902. Calculate p(-2).
2356
Let g(m) = 123*m - 4899. Determine g(40).
21
Let s(t) = t**3 - 152*t**2 - 305*t + 669. Give s(154).
1131
Let n(c) = 13386*c + 414967. Give n(-31).
1
Let u(x) = 2945*x - 326896. What is u(111)?
-1
Let a(x) = -2*x**3 + 84*x**2 + 388*x - 4472. Give a(45).
838
Let p(s) = -269020*s + 1883164. Determine p(7).
24
Let o(r) = 10*r**2 + 101*r - 980. Determine o(6).
-14
Let n(y) = 10*y**3 - 196*y**2 - 980*y + 14. Determine n(-5).
-1236
Let y(u) = -127645*u - 6509903. What is y(-51)?
-8
Let s(z) = 2*z**2 - 215137*z - 1721151. What is s(-8)?
73
Let m(u) = -6*u**3 + 141*u**2 - 414*u + 29. Give m(3).
-106
Let j(h) = 1886*h - 88818. Determine j(47).
-176
Let i(v) = 108130*v + 1405920. Give i(-13).
230
Let f(m) = 2*m**2 + 41*m + 401. Give f(-15).
236
Let i(k) = -132209*k + 396586. What is i(3)?
-41
Let s(x) = -x**2 - 21*x + 8135. Calculate s(-101).
55
Let h(q) = 2*q**2 - 1111*q + 37446. Give h(36).
42
Let k(n) = -37*n**3 - 10*n**2 + 10*n + 13. Give k(2).
-303
Let u(z) = -5*z**3 + 198*z**2 + 60*z - 128. Calculate u(40).
-928
Let v(p) = 4*p**2 - 107*p - 30. Determine v(27).
-3
Let k(a) = -15*a**2 + 843*a + 3277. Give k(-4).
-335
Let t(f) = -3220*f + 6655. Give t(2).
215
Let b(w) = 1500*w - 20695. Calculate b(13).
-1195
Let u(b) = 255645*b + 1022615. What is u(-4)?
35
Let p(j) = 2*j**3 - 178*j**2 - 10323*j + 97. Give p(-40).
217
Let v(g) = -g**3 + 52*g**2 + 173*g - 554. Give v(2).
-8
Let d(l) = -195450*l + 1563596. What is d(8)?
-4
Let c(f) = -1026*f - 63386. Determine c(-62).
226
Let c(i) = 18*i + 2835. What is c(-162)?
-81
Let g(h) = 217*h**3 + 2*h**2 - 23*h + 22. Calculate g(1).
218
Let l(f) = -3593*f - 431337. Calculate l(-120).
-177
Let h(c) = 20795*c - 124802. What is h(6)?
-32
Let h(p) = -16658*p - 16620. Give h(-1).
38
Let a(y) = -y**2 - 2943*y + 35508. Determine a(12).
48
Let k(t) = -60660*t + 1031203. Give k(17).
-17
Let n(t) = 4*t**3 - 3*t**2 - 359*t + 361. Determine n(1).
3
Let f(t) = t**3 - 176*t**2 - 4153*t + 3138. What is f(197)?
-14
Let i(s) = 15*s**2 - 66*s - 290. Calculate i(-3).
43
Let x(n) = n**2 - 1080*n + 79080. Determine x(79).
1
Let h(g) = 29984*g - 1289332. What is h(43)?
-20
Let b(x) = x**3 - x**2 - 19*x + 709. Calculate b(0).
709
Let o(h) = -3*h**3 - 15*h**2 + 75*h + 131. What is o(-7)?
-100
Let i(o) = 118*o - 1164. Determine i(18).
960
Let x(g) = g**3 - 471*g**2 + 388*g + 38545. What is x(470)?
5
Let b(k) = 813*k**2 - 19551*k + 948. Calculate b(24).
12
Let p(d) = -62*d - 3072. Give p(-47).
-158
Let p(y) = 3*y**2 + 158*y - 15387. What is p(50)?
13
Let c(s) = 24*s**2 + 966*s - 2835. What is c(-43)?
3
Let h(y) = -5734*y + 45850. Calculate h(8).
-22
Let r(z) = -39966*z - 10551007. Calculate r(-264).
17
Let u(g) = 8180*g + 548069. Calculate u(-67).
9
Let n(i) = -i**3 + 1163*i**2 - 27203*i - 3189. Calculate n(24).
3
Let a(p) = -2*p**3 + 103*p**2 + 1759*p + 151. Calculate a(65).
411
Let l(v) = 1133*v**2 + 22668*v - 26. Give l(-20).
-186
Let w(a) = 72*a**2 + 96*a - 9. Calculate w(4).
1527
Let o(j) = 728*j - 59172. What is o(82)?
524
Let y(i) = -3782*i - 185373. Give y(-49).
-55
Let f(a) = 76*a**2 - 17164*a - 2766. Determine f(226).
-54
Let r(a) = -a**3 + 78*a**2 + 4482*a - 9518. Determine r(-40).
2
Let m(i) = 9*i**2 - 1966*i - 10066. Give m(-5).
-11
Let c(w) = w**2 + 6917*w + 1896467. Determine c(-286).
1
Let t(c) = c**2 - 1041*c + 122536. Give t(135).
226
Let a(h) = -2*h**3 + 3*h**2 - 246*h - 559. Calculate a(0).
-559
Let f(v) = 5228*v + 93455. What is f(-18)?
-649
Let s(d) = 3*d**3 - 4*d**2 + 57*d + 176. What is s(-3)?
-112
Let m(v) = -3*v**3 + 1026*v**2 - 1018*v - 1713. Determine m(341).
-8
Let o(a) = -425*a**2 + 4234*a + 158. Determine o(10).
-2
Let p(t) = -t**3 - 68*t**2 + 294*t + 424. What is p(-72)?
-8
Let z(a) = -21841*a + 436808. Determine z(20).
-12
Let p(x) = -13463*x + 363493. Determine p(27).
-8
Let m(v) = 207*v**2 - 5144*v - 810. Determine m(25).
-35
Let i(d) = 42*d**3 + 42*d**2 + 139*d + 23. What is i(-3)?
-1150
Let d(i) = -607*i + 2283. What is d(4)?
-145
Let k(c) = 92*c**2 - 55*c - 156. Give k(-5).
2419
Let a(w) = w**2 + 51301*w - 3287352. What is a(64)?
8
Let b(q) = q**3 + 13*q**2 - 108*q + 243. What is b(-21)?
-1017
Let u(m) = 21*m**2 + 3722*m + 4436. Calculate u(-176).
-140
Let b(s) = 1291*s**2 + 10336*s - 8. What is b(-8)?
-72
Let x(q) = q**3 + 869*q**2 + 19437*q - 17760. Calculate x(-846).
6
Let z(x) = 82818*x - 579738. Give z(7).
-12
Let c(k) = -k**3 + 148*k**2 + 41*k + 16258. Determine c(149).
166
Let i(b) = b**3 + 619*b**2 - 1256*b - 8699. What is i(-621)?
-5
Let z(m) = -650527*m + 10408431. Calculate z(16).
-1
Let x(q) = 3*q**3 + 18*q**2 + q + 156. What is x(-7)?
2
Let a(o) = -5*o**3 + 51*o**2 + 925*o - 7260. Calculate a(7).
-1
Let j(z) = 32*z**2 + 372*z - 2916. Give j(-17).
8
Let d(f) = 30*f**2 - 441*f - 5960. What is d(-14)?
6094
Let u(s) = 13*s**2 - 17847*s - 89513. What is u(-5)?
47
Let a(g) = 5187*g - 46686. Calculate a(9).
-3
Let a(b) = 5199*b + 15553. Give a(-3).
-44
Let s(o) = 72*o**2 + 5693*o - 22784. What is s(4)?
1140
Let w(t) = -5*t**2 - 53*t - 426. Determine w(-11).
-448
Let h(n) = -n**2 + 4387*n - 3059787. What is h(870)?
3
Let i(d) = 3*d**2 - 2960*d + 394857. Calculate i(159).
60
Let f(x) = -x**3 + 55*x**2 - 153*x - 2617. Calculate f(51).
-16
Let f(x) = -828*x + 2355. What is f(3)?
-129
Let r(f) = -5*f**3 + 342*f**2 - 141*f + 324. Calculate r(68).
-16
Let z(n) = -n**2 - 435*n - 46537. Give z(-254).
-563
Let h(p) = -98*p**2 + 1084*p - 53. What is h(11)?
13
Let s(n) = -65*n**3 + 145*n**2 - 16*n + 7. Determine s(4).
-1897
Let q(a) = -a**3 + 10*a**2 + 1673*a - 1. Give q(0).
-1
Let p(w) = -3*w**2 + 29*w + 1398. Determine p(33).
-912
Let w(m) = m**3 - 84*m**2 + 1267*m + 112. Determine w(63).
-3416
Let t(v) = -340*v - 32289. Determine t(-93).
-669
Let l(v) = 4*v**3 + 376*v**2 + 363*v - 100. Give l(-93).
737
Let u(f) = 62*f + 1276. Determine u(-21).
-26
Let l(y) = 2*y**3 + 14*y**2 - 52*y - 434. Calculate l(-8).
-146
Let t(v) = -2*v**3 - 56*v**2 + 46*v - 473. Determine t(-29).
-125
Let g(p) = -51*p**2 - 2061*p + 50. What is g(-40)?
890
Let o(d) = -32*d**2 - 32*d + 91. Determine o(3).
-293
Let a(k) = -5734*k**2 + 22949*k - 52. What is a(4)?
0
Let p(b) = -b**3 + 77*b**2 - 609*b - 221. Calculate p(68).
-17
Let s(c) = -382*c - 2384. Calculate s(-6).
-92
Let h(j) = -j**2 - 6141*j + 943692. Determine h(150).
42
Let k(v) = -v**3 + 49*v**2 - 456*v - 15. Determine k(9).
-879
Let f(b) = -177*b + 4152. What is f(31)?
-1335
Let z(f) = -f**2 + 2557*f - 1240907. What is z(651)?
-101
Let m(x) = -24640*x + 2094301. Calculate m(85).
-99
Let p(z) = -z**3 + 23*z**2 - 974*z + 4419. Determine p(5).
-1
Let c(b) = b**2 + 85*b + 2322. Give c(-21).
978
Let h(m) = 9*m**3 + 259*m**2 + 1034*m - 8. Determine h(-4).
-576
Let r(n) = -17*n**3 + 359*n**2 + 373*n - 957. Determine r(22).
-11
Let m(q) = q**3 + 18*q**2 - 24*q - 317. Determine m(-15).
718
Let v(z) = 1911*z + 95573. Calculate v(-50).
23
Let l(j) = -j**3 - 223*j**2 + 1934*j + 8. Calculate l(8).
696
Let w(g) = 1525*g + 27424. Calculate w(-18).
-26
L